{"id":27,"date":"2014-05-21T12:52:05","date_gmt":"2014-05-21T11:52:05","guid":{"rendered":"http:\/\/theatredesbordsdesaone.fr\/?page_id=27"},"modified":"2022-08-24T07:12:05","modified_gmt":"2022-08-24T06:12:05","slug":"creation","status":"publish","type":"page","link":"https:\/\/www.theatredesbordsdesaone.fr\/?page_id=27","title":{"rendered":"Biographies et membres du bureau"},"content":{"rendered":"<p>&nbsp;<\/p>\n<p>La Compagnie fond\u00e9e en 1988\u00a0est compos\u00e9e d&rsquo;une \u00e9quipe de professionnels passionn\u00e9s par le th\u00e9\u00e2tre et le contact humain. Dans cette section vous retrouverez les biographies des membres de la compagnie.<\/p>\n<h1>Le bureau :<\/h1>\n<table width=\"400\">\n<tbody>\n<tr>\n<td><strong>Pr\u00e9sidente :<\/strong><\/td>\n<td>C\u00e9line Abeillon<\/td>\n<\/tr>\n<tr>\n<td><strong>Vice-pr\u00e9sidente :<\/strong><\/td>\n<td>Catherine Audouard<\/td>\n<\/tr>\n<tr>\n<td><strong>Tr\u00e9sorier \/\u00a0<\/strong><strong>Tr\u00e9sori\u00e8re adjointe<\/strong><\/td>\n<td>Jocelyn Letisse \/Aline Plazanet<\/td>\n<\/tr>\n<tr>\n<td><strong>Secr\u00e9taire :<\/strong><\/td>\n<td>\u00c9ric Didier<\/td>\n<\/tr>\n<tr>\n<td><strong>Secr\u00e9taire adjoint<\/strong><\/td>\n<td>Julien Alvarez<\/td>\n<\/tr>\n<\/tbody>\n<\/table>\n<p>______________________________________________<\/p>\n<h1>Sur sc\u00e8ne :<\/h1>\n<table style=\"height: 202px;\" width=\"200\">\n<tbody>\n<tr>\n<td>Nicolas Duplot<\/td>\n<\/tr>\n<tr>\n<td>Sylvie Ferrandis<\/td>\n<\/tr>\n<tr>\n<td>Karla Gorigoitia<\/td>\n<\/tr>\n<tr>\n<td>Eric Goria<\/td>\n<\/tr>\n<tr>\n<td>Oc\u00e9ane Duplot<\/td>\n<\/tr>\n<tr>\n<td>Mathilde Juillet<\/td>\n<\/tr>\n<tr>\n<td>Anouk Bortuzzo<\/td>\n<\/tr>\n<tr>\n<td>Florian Bosdure<\/td>\n<\/tr>\n<\/tbody>\n<\/table>\n<p>______________________________________________<\/p>\n<p>&nbsp;<\/p>\n<ul>\n<li>\n<h1>Techniciens :<\/h1>\n<\/li>\n<\/ul>\n<table width=\"75%\">\n<tbody>\n<tr>\n<td width=\"33%\"><strong><em>Lumi\u00e8re <\/em> <\/strong><\/td>\n<td width=\"26%\"><strong><em>Son\u00a0 <\/em> <\/strong><\/td>\n<td width=\"41%\"><strong><em>D\u00e9cors \/ costumes et accessoires<\/em><\/strong><\/td>\n<\/tr>\n<tr>\n<td width=\"33%\">Antonin Li\u00e8ge<\/td>\n<td width=\"26%\">Aur\u00e9lien CenetAdrien Roussillon<\/td>\n<td width=\"41%\">Pascale Bernard-Lacour \/ Danielle Labourey \/ Catherine Audouard \/ Rapha\u00eblle Bernard<\/td>\n<\/tr>\n<\/tbody>\n<\/table>\n<p>&nbsp;<\/p>\n<p>&nbsp;<\/p>\n","protected":false},"excerpt":{"rendered":"<p>&nbsp; La Compagnie fond\u00e9e en 1988\u00a0est compos\u00e9e d&rsquo;une \u00e9quipe de professionnels passionn\u00e9s par le th\u00e9\u00e2tre et le contact humain. Dans cette section vous retrouverez les biographies des membres de la compagnie. Le bureau : Pr\u00e9sidente : C\u00e9line Abeillon Vice-pr\u00e9sidente : Catherine Audouard Tr\u00e9sorier \/\u00a0Tr\u00e9sori\u00e8re adjointe Jocelyn Letisse \/Aline Plazanet Secr\u00e9taire : \u00c9ric Didier Secr\u00e9taire adjoint [&hellip;]<\/p>\n","protected":false},"author":1,"featured_media":957,"parent":0,"menu_order":2,"comment_status":"closed","ping_status":"closed","template":"","meta":[],"_links":{"self":[{"href":"https:\/\/www.theatredesbordsdesaone.fr\/index.php?rest_route=\/wp\/v2\/pages\/27"}],"collection":[{"href":"https:\/\/www.theatredesbordsdesaone.fr\/index.php?rest_route=\/wp\/v2\/pages"}],"about":[{"href":"https:\/\/www.theatredesbordsdesaone.fr\/index.php?rest_route=\/wp\/v2\/types\/page"}],"author":[{"embeddable":true,"href":"https:\/\/www.theatredesbordsdesaone.fr\/index.php?rest_route=\/wp\/v2\/users\/1"}],"replies":[{"embeddable":true,"href":"https:\/\/www.theatredesbordsdesaone.fr\/index.php?rest_route=%2Fwp%2Fv2%2Fcomments&post=27"}],"version-history":[{"count":54,"href":"https:\/\/www.theatredesbordsdesaone.fr\/index.php?rest_route=\/wp\/v2\/pages\/27\/revisions"}],"predecessor-version":[{"id":2383,"href":"https:\/\/www.theatredesbordsdesaone.fr\/index.php?rest_route=\/wp\/v2\/pages\/27\/revisions\/2383"}],"wp:featuredmedia":[{"embeddable":true,"href":"https:\/\/www.theatredesbordsdesaone.fr\/index.php?rest_route=\/wp\/v2\/media\/957"}],"wp:attachment":[{"href":"https:\/\/www.theatredesbordsdesaone.fr\/index.php?rest_route=%2Fwp%2Fv2%2Fmedia&parent=27"}],"curies":[{"name":"wp","href":"https:\/\/api.w.org\/{rel}","templated":true}]}}