{"id":1815,"date":"2021-05-03T16:47:43","date_gmt":"2021-05-03T15:47:43","guid":{"rendered":"http:\/\/www.theatredesbordsdesaone.fr\/?page_id=1815"},"modified":"2021-10-11T14:31:33","modified_gmt":"2021-10-11T13:31:33","slug":"a-lassaut-du-ciel","status":"publish","type":"page","link":"https:\/\/www.theatredesbordsdesaone.fr\/?page_id=1815","title":{"rendered":"A l&rsquo;assaut du ciel"},"content":{"rendered":"<h1><a href=\"https:\/\/www.theatredesbordsdesaone.fr\/?attachment_id=1966\" rel=\"attachment wp-att-1966\">Affiche<\/a>\u00a0 \u00a0 \u00a0 \u00a0\u00a0 \u00a0<img data-attachment-id=\"1968\" data-permalink=\"https:\/\/www.theatredesbordsdesaone.fr\/?attachment_id=1968\" data-orig-file=\"https:\/\/www.theatredesbordsdesaone.fr\/wp-content\/uploads\/2021\/09\/1.jpeg\" data-orig-size=\"387,531\" data-comments-opened=\"0\" data-image-meta=\"{&quot;aperture&quot;:&quot;1.6&quot;,&quot;credit&quot;:&quot;&quot;,&quot;camera&quot;:&quot;iPhone 12 mini&quot;,&quot;caption&quot;:&quot;&quot;,&quot;created_timestamp&quot;:&quot;1623532661&quot;,&quot;copyright&quot;:&quot;&quot;,&quot;focal_length&quot;:&quot;4.2&quot;,&quot;iso&quot;:&quot;125&quot;,&quot;shutter_speed&quot;:&quot;0.013888888888889&quot;,&quot;title&quot;:&quot;&quot;}\" data-image-title=\"1\" data-image-description=\"\" data-image-caption=\"\" data-medium-file=\"https:\/\/www.theatredesbordsdesaone.fr\/wp-content\/uploads\/2021\/09\/1-218x300.jpeg\" data-large-file=\"https:\/\/www.theatredesbordsdesaone.fr\/wp-content\/uploads\/2021\/09\/1.jpeg\" decoding=\"async\" loading=\"lazy\" class=\"alignnone size-medium wp-image-1968\" src=\"https:\/\/www.theatredesbordsdesaone.fr\/wp-content\/uploads\/2021\/09\/1-218x300.jpeg\" alt=\"1\" width=\"218\" height=\"300\" srcset=\"https:\/\/www.theatredesbordsdesaone.fr\/wp-content\/uploads\/2021\/09\/1-218x300.jpeg 218w, https:\/\/www.theatredesbordsdesaone.fr\/wp-content\/uploads\/2021\/09\/1.jpeg 387w\" sizes=\"(max-width: 218px) 100vw, 218px\" \/>\u00a0 \u00a0 \u00a0 \u00a0<a href=\"https:\/\/www.theatredesbordsdesaone.fr\/?attachment_id=1967\" rel=\"attachment wp-att-1967\">dossier<\/a><\/h1>\n<div style=\"width: 768px;\" class=\"wp-video\"><!--[if lt IE 9]><script>document.createElement('video');<\/script><![endif]-->\n<video class=\"wp-video-shortcode\" id=\"video-1815-1\" width=\"768\" height=\"432\" preload=\"metadata\" controls=\"controls\"><source type=\"video\/mp4\" src=\"https:\/\/www.theatredesbordsdesaone.fr\/wp-content\/uploads\/2021\/09\/teaser.mp4?_=1\" \/><a href=\"https:\/\/www.theatredesbordsdesaone.fr\/wp-content\/uploads\/2021\/09\/teaser.mp4\">https:\/\/www.theatredesbordsdesaone.fr\/wp-content\/uploads\/2021\/09\/teaser.mp4<\/a><\/video><\/div>\n<h5>Photographies : L\u00e9o Olivi\u00e9ri\u00a0 \u00a0 \u00a0Teaser : Jean Buffard<\/h5>\n<p><span style=\"color: #ff0000;\">Cr\u00e9ation le 12 juin 20h30 dans la cour de la Mairie &#8211; Neuville sur Sa\u00f4ne<\/span><\/p>\n<p><span style=\"color: #000000;\">Reprise les 16 et 17 septembre 2021 \u00e0 l&rsquo;Espace Jean Vilar de Neuville &#8211;\u00a0<\/span><\/p>\n<h1><strong>16 novembre \u00e0 Mably (42), le 27 novembre \u00e0 Buis-les-Baronnies (26)\u00a0 \u00a0 \u00a0 \u00a0 \u00a0 \u00a0 \u00a0 \u00a0 \u00a0 \u00a0 \u00a0 \u00a0<img data-attachment-id=\"1978\" data-permalink=\"https:\/\/www.theatredesbordsdesaone.fr\/?attachment_id=1978\" data-orig-file=\"https:\/\/www.theatredesbordsdesaone.fr\/wp-content\/uploads\/2021\/09\/DSCF1989.jpg\" data-orig-size=\"700,371\" data-comments-opened=\"0\" data-image-meta=\"{&quot;aperture&quot;:&quot;5.6&quot;,&quot;credit&quot;:&quot;&quot;,&quot;camera&quot;:&quot;X-T30&quot;,&quot;caption&quot;:&quot;&quot;,&quot;created_timestamp&quot;:&quot;1631360585&quot;,&quot;copyright&quot;:&quot;&quot;,&quot;focal_length&quot;:&quot;55&quot;,&quot;iso&quot;:&quot;160&quot;,&quot;shutter_speed&quot;:&quot;0.0015625&quot;,&quot;title&quot;:&quot;&quot;}\" data-image-title=\"DSCF1989\" data-image-description=\"\" data-image-caption=\"\" data-medium-file=\"https:\/\/www.theatredesbordsdesaone.fr\/wp-content\/uploads\/2021\/09\/DSCF1989-300x159.jpg\" data-large-file=\"https:\/\/www.theatredesbordsdesaone.fr\/wp-content\/uploads\/2021\/09\/DSCF1989.jpg\" decoding=\"async\" loading=\"lazy\" class=\"alignnone size-medium wp-image-1978\" src=\"https:\/\/www.theatredesbordsdesaone.fr\/wp-content\/uploads\/2021\/09\/DSCF1989-300x159.jpg\" alt=\"DSCF1989\" width=\"300\" height=\"159\" srcset=\"https:\/\/www.theatredesbordsdesaone.fr\/wp-content\/uploads\/2021\/09\/DSCF1989-300x159.jpg 300w, https:\/\/www.theatredesbordsdesaone.fr\/wp-content\/uploads\/2021\/09\/DSCF1989.jpg 700w\" sizes=\"(max-width: 300px) 100vw, 300px\" \/><img data-attachment-id=\"1977\" data-permalink=\"https:\/\/www.theatredesbordsdesaone.fr\/?attachment_id=1977\" data-orig-file=\"https:\/\/www.theatredesbordsdesaone.fr\/wp-content\/uploads\/2021\/09\/DSCF1890.jpg\" data-orig-size=\"577,572\" data-comments-opened=\"0\" data-image-meta=\"{&quot;aperture&quot;:&quot;5.6&quot;,&quot;credit&quot;:&quot;&quot;,&quot;camera&quot;:&quot;X-T30&quot;,&quot;caption&quot;:&quot;&quot;,&quot;created_timestamp&quot;:&quot;1631358575&quot;,&quot;copyright&quot;:&quot;&quot;,&quot;focal_length&quot;:&quot;55&quot;,&quot;iso&quot;:&quot;160&quot;,&quot;shutter_speed&quot;:&quot;0.004&quot;,&quot;title&quot;:&quot;&quot;}\" data-image-title=\"DSCF1890\" data-image-description=\"\" data-image-caption=\"\" data-medium-file=\"https:\/\/www.theatredesbordsdesaone.fr\/wp-content\/uploads\/2021\/09\/DSCF1890-300x297.jpg\" data-large-file=\"https:\/\/www.theatredesbordsdesaone.fr\/wp-content\/uploads\/2021\/09\/DSCF1890.jpg\" decoding=\"async\" loading=\"lazy\" class=\"alignnone size-medium wp-image-1977\" src=\"https:\/\/www.theatredesbordsdesaone.fr\/wp-content\/uploads\/2021\/09\/DSCF1890-300x297.jpg\" alt=\"DSCF1890\" width=\"300\" height=\"297\" srcset=\"https:\/\/www.theatredesbordsdesaone.fr\/wp-content\/uploads\/2021\/09\/DSCF1890-300x297.jpg 300w, https:\/\/www.theatredesbordsdesaone.fr\/wp-content\/uploads\/2021\/09\/DSCF1890-150x150.jpg 150w, https:\/\/www.theatredesbordsdesaone.fr\/wp-content\/uploads\/2021\/09\/DSCF1890.jpg 577w\" sizes=\"(max-width: 300px) 100vw, 300px\" \/><img data-attachment-id=\"1979\" data-permalink=\"https:\/\/www.theatredesbordsdesaone.fr\/?attachment_id=1979\" data-orig-file=\"https:\/\/www.theatredesbordsdesaone.fr\/wp-content\/uploads\/2021\/09\/DSCF1994.jpg\" data-orig-size=\"563,544\" data-comments-opened=\"0\" data-image-meta=\"{&quot;aperture&quot;:&quot;5.6&quot;,&quot;credit&quot;:&quot;&quot;,&quot;camera&quot;:&quot;X-T30&quot;,&quot;caption&quot;:&quot;&quot;,&quot;created_timestamp&quot;:&quot;1631360762&quot;,&quot;copyright&quot;:&quot;&quot;,&quot;focal_length&quot;:&quot;55&quot;,&quot;iso&quot;:&quot;160&quot;,&quot;shutter_speed&quot;:&quot;0.0015625&quot;,&quot;title&quot;:&quot;&quot;}\" data-image-title=\"DSCF1994\" data-image-description=\"\" data-image-caption=\"\" data-medium-file=\"https:\/\/www.theatredesbordsdesaone.fr\/wp-content\/uploads\/2021\/09\/DSCF1994-300x289.jpg\" data-large-file=\"https:\/\/www.theatredesbordsdesaone.fr\/wp-content\/uploads\/2021\/09\/DSCF1994.jpg\" decoding=\"async\" loading=\"lazy\" class=\"alignnone  wp-image-1979\" src=\"https:\/\/www.theatredesbordsdesaone.fr\/wp-content\/uploads\/2021\/09\/DSCF1994-300x289.jpg\" alt=\"DSCF1994\" width=\"307\" height=\"296\" srcset=\"https:\/\/www.theatredesbordsdesaone.fr\/wp-content\/uploads\/2021\/09\/DSCF1994-300x289.jpg 300w, https:\/\/www.theatredesbordsdesaone.fr\/wp-content\/uploads\/2021\/09\/DSCF1994.jpg 563w\" sizes=\"(max-width: 307px) 100vw, 307px\" \/><\/strong><\/h1>\n<p><a href=\"https:\/\/www.theatredesbordsdesaone.fr\/?attachment_id=2011\" rel=\"attachment wp-att-2011\"><img data-attachment-id=\"2011\" data-permalink=\"https:\/\/www.theatredesbordsdesaone.fr\/?attachment_id=2011\" data-orig-file=\"https:\/\/www.theatredesbordsdesaone.fr\/wp-content\/uploads\/2021\/10\/DSCF2114.jpg\" data-orig-size=\"750,500\" data-comments-opened=\"0\" data-image-meta=\"{&quot;aperture&quot;:&quot;4&quot;,&quot;credit&quot;:&quot;&quot;,&quot;camera&quot;:&quot;X-T30&quot;,&quot;caption&quot;:&quot;&quot;,&quot;created_timestamp&quot;:&quot;1631826670&quot;,&quot;copyright&quot;:&quot;&quot;,&quot;focal_length&quot;:&quot;44.4&quot;,&quot;iso&quot;:&quot;800&quot;,&quot;shutter_speed&quot;:&quot;0.0125&quot;,&quot;title&quot;:&quot;&quot;}\" data-image-title=\"DSCF2114\" data-image-description=\"\" data-image-caption=\"\" data-medium-file=\"https:\/\/www.theatredesbordsdesaone.fr\/wp-content\/uploads\/2021\/10\/DSCF2114-300x200.jpg\" data-large-file=\"https:\/\/www.theatredesbordsdesaone.fr\/wp-content\/uploads\/2021\/10\/DSCF2114.jpg\" decoding=\"async\" loading=\"lazy\" class=\"alignnone size-medium wp-image-2011\" src=\"https:\/\/www.theatredesbordsdesaone.fr\/wp-content\/uploads\/2021\/10\/DSCF2114-300x200.jpg\" alt=\"DSCF2114\" width=\"300\" height=\"200\" srcset=\"https:\/\/www.theatredesbordsdesaone.fr\/wp-content\/uploads\/2021\/10\/DSCF2114-300x200.jpg 300w, https:\/\/www.theatredesbordsdesaone.fr\/wp-content\/uploads\/2021\/10\/DSCF2114.jpg 750w\" sizes=\"(max-width: 300px) 100vw, 300px\" \/><\/a> <a href=\"https:\/\/www.theatredesbordsdesaone.fr\/?attachment_id=2010\" rel=\"attachment wp-att-2010\"><img data-attachment-id=\"2010\" data-permalink=\"https:\/\/www.theatredesbordsdesaone.fr\/?attachment_id=2010\" data-orig-file=\"https:\/\/www.theatredesbordsdesaone.fr\/wp-content\/uploads\/2021\/10\/DSCF2101.jpg\" data-orig-size=\"750,1125\" data-comments-opened=\"0\" data-image-meta=\"{&quot;aperture&quot;:&quot;4&quot;,&quot;credit&quot;:&quot;&quot;,&quot;camera&quot;:&quot;X-T30&quot;,&quot;caption&quot;:&quot;&quot;,&quot;created_timestamp&quot;:&quot;1631826393&quot;,&quot;copyright&quot;:&quot;&quot;,&quot;focal_length&quot;:&quot;55&quot;,&quot;iso&quot;:&quot;800&quot;,&quot;shutter_speed&quot;:&quot;0.0125&quot;,&quot;title&quot;:&quot;&quot;}\" data-image-title=\"DSCF2101\" data-image-description=\"\" data-image-caption=\"\" data-medium-file=\"https:\/\/www.theatredesbordsdesaone.fr\/wp-content\/uploads\/2021\/10\/DSCF2101-200x300.jpg\" data-large-file=\"https:\/\/www.theatredesbordsdesaone.fr\/wp-content\/uploads\/2021\/10\/DSCF2101-682x1024.jpg\" decoding=\"async\" loading=\"lazy\" class=\"alignnone size-medium wp-image-2010\" src=\"https:\/\/www.theatredesbordsdesaone.fr\/wp-content\/uploads\/2021\/10\/DSCF2101-200x300.jpg\" alt=\"DSCF2101\" width=\"200\" height=\"300\" srcset=\"https:\/\/www.theatredesbordsdesaone.fr\/wp-content\/uploads\/2021\/10\/DSCF2101-200x300.jpg 200w, https:\/\/www.theatredesbordsdesaone.fr\/wp-content\/uploads\/2021\/10\/DSCF2101-682x1024.jpg 682w, https:\/\/www.theatredesbordsdesaone.fr\/wp-content\/uploads\/2021\/10\/DSCF2101.jpg 750w\" sizes=\"(max-width: 200px) 100vw, 200px\" \/><\/a> <a href=\"https:\/\/www.theatredesbordsdesaone.fr\/?attachment_id=2009\" rel=\"attachment wp-att-2009\"><img data-attachment-id=\"2009\" data-permalink=\"https:\/\/www.theatredesbordsdesaone.fr\/?attachment_id=2009\" data-orig-file=\"https:\/\/www.theatredesbordsdesaone.fr\/wp-content\/uploads\/2021\/10\/DSCF2092.jpg\" data-orig-size=\"750,1125\" data-comments-opened=\"0\" data-image-meta=\"{&quot;aperture&quot;:&quot;4&quot;,&quot;credit&quot;:&quot;&quot;,&quot;camera&quot;:&quot;X-T30&quot;,&quot;caption&quot;:&quot;&quot;,&quot;created_timestamp&quot;:&quot;1631826024&quot;,&quot;copyright&quot;:&quot;&quot;,&quot;focal_length&quot;:&quot;55&quot;,&quot;iso&quot;:&quot;1250&quot;,&quot;shutter_speed&quot;:&quot;0.008&quot;,&quot;title&quot;:&quot;&quot;}\" data-image-title=\"DSCF2092\" data-image-description=\"\" data-image-caption=\"\" data-medium-file=\"https:\/\/www.theatredesbordsdesaone.fr\/wp-content\/uploads\/2021\/10\/DSCF2092-200x300.jpg\" data-large-file=\"https:\/\/www.theatredesbordsdesaone.fr\/wp-content\/uploads\/2021\/10\/DSCF2092-682x1024.jpg\" decoding=\"async\" loading=\"lazy\" class=\"alignnone size-medium wp-image-2009\" src=\"https:\/\/www.theatredesbordsdesaone.fr\/wp-content\/uploads\/2021\/10\/DSCF2092-200x300.jpg\" alt=\"DSCF2092\" width=\"200\" height=\"300\" srcset=\"https:\/\/www.theatredesbordsdesaone.fr\/wp-content\/uploads\/2021\/10\/DSCF2092-200x300.jpg 200w, https:\/\/www.theatredesbordsdesaone.fr\/wp-content\/uploads\/2021\/10\/DSCF2092-682x1024.jpg 682w, https:\/\/www.theatredesbordsdesaone.fr\/wp-content\/uploads\/2021\/10\/DSCF2092.jpg 750w\" sizes=\"(max-width: 200px) 100vw, 200px\" \/><\/a> <a href=\"https:\/\/www.theatredesbordsdesaone.fr\/?attachment_id=2008\" rel=\"attachment wp-att-2008\"><img data-attachment-id=\"2008\" data-permalink=\"https:\/\/www.theatredesbordsdesaone.fr\/?attachment_id=2008\" data-orig-file=\"https:\/\/www.theatredesbordsdesaone.fr\/wp-content\/uploads\/2021\/10\/DSCF2067.jpg\" data-orig-size=\"749,695\" data-comments-opened=\"0\" data-image-meta=\"{&quot;aperture&quot;:&quot;4&quot;,&quot;credit&quot;:&quot;&quot;,&quot;camera&quot;:&quot;X-T30&quot;,&quot;caption&quot;:&quot;&quot;,&quot;created_timestamp&quot;:&quot;1631825518&quot;,&quot;copyright&quot;:&quot;&quot;,&quot;focal_length&quot;:&quot;55&quot;,&quot;iso&quot;:&quot;1600&quot;,&quot;shutter_speed&quot;:&quot;0.00625&quot;,&quot;title&quot;:&quot;&quot;}\" data-image-title=\"DSCF2067\" data-image-description=\"\" data-image-caption=\"\" data-medium-file=\"https:\/\/www.theatredesbordsdesaone.fr\/wp-content\/uploads\/2021\/10\/DSCF2067-300x278.jpg\" data-large-file=\"https:\/\/www.theatredesbordsdesaone.fr\/wp-content\/uploads\/2021\/10\/DSCF2067.jpg\" decoding=\"async\" loading=\"lazy\" class=\"alignnone size-medium wp-image-2008\" src=\"https:\/\/www.theatredesbordsdesaone.fr\/wp-content\/uploads\/2021\/10\/DSCF2067-300x278.jpg\" alt=\"DSCF2067\" width=\"300\" height=\"278\" srcset=\"https:\/\/www.theatredesbordsdesaone.fr\/wp-content\/uploads\/2021\/10\/DSCF2067-300x278.jpg 300w, https:\/\/www.theatredesbordsdesaone.fr\/wp-content\/uploads\/2021\/10\/DSCF2067.jpg 749w\" sizes=\"(max-width: 300px) 100vw, 300px\" \/><\/a> <a href=\"https:\/\/www.theatredesbordsdesaone.fr\/?attachment_id=2007\" rel=\"attachment wp-att-2007\"><img data-attachment-id=\"2007\" data-permalink=\"https:\/\/www.theatredesbordsdesaone.fr\/?attachment_id=2007\" data-orig-file=\"https:\/\/www.theatredesbordsdesaone.fr\/wp-content\/uploads\/2021\/10\/DSCF2036.jpg\" data-orig-size=\"750,1125\" data-comments-opened=\"0\" data-image-meta=\"{&quot;aperture&quot;:&quot;4&quot;,&quot;credit&quot;:&quot;&quot;,&quot;camera&quot;:&quot;X-T30&quot;,&quot;caption&quot;:&quot;&quot;,&quot;created_timestamp&quot;:&quot;1631825187&quot;,&quot;copyright&quot;:&quot;&quot;,&quot;focal_length&quot;:&quot;55&quot;,&quot;iso&quot;:&quot;1600&quot;,&quot;shutter_speed&quot;:&quot;0.01&quot;,&quot;title&quot;:&quot;&quot;}\" data-image-title=\"DSCF2036\" data-image-description=\"\" data-image-caption=\"\" data-medium-file=\"https:\/\/www.theatredesbordsdesaone.fr\/wp-content\/uploads\/2021\/10\/DSCF2036-200x300.jpg\" data-large-file=\"https:\/\/www.theatredesbordsdesaone.fr\/wp-content\/uploads\/2021\/10\/DSCF2036-682x1024.jpg\" decoding=\"async\" loading=\"lazy\" class=\"alignnone size-medium wp-image-2007\" src=\"https:\/\/www.theatredesbordsdesaone.fr\/wp-content\/uploads\/2021\/10\/DSCF2036-200x300.jpg\" alt=\"DSCF2036\" width=\"200\" height=\"300\" srcset=\"https:\/\/www.theatredesbordsdesaone.fr\/wp-content\/uploads\/2021\/10\/DSCF2036-200x300.jpg 200w, https:\/\/www.theatredesbordsdesaone.fr\/wp-content\/uploads\/2021\/10\/DSCF2036-682x1024.jpg 682w, https:\/\/www.theatredesbordsdesaone.fr\/wp-content\/uploads\/2021\/10\/DSCF2036.jpg 750w\" sizes=\"(max-width: 200px) 100vw, 200px\" \/><\/a> <a href=\"https:\/\/www.theatredesbordsdesaone.fr\/?attachment_id=2006\" rel=\"attachment wp-att-2006\"><img data-attachment-id=\"2006\" data-permalink=\"https:\/\/www.theatredesbordsdesaone.fr\/?attachment_id=2006\" data-orig-file=\"https:\/\/www.theatredesbordsdesaone.fr\/wp-content\/uploads\/2021\/10\/DSCF2032.jpg\" data-orig-size=\"750,1125\" data-comments-opened=\"0\" data-image-meta=\"{&quot;aperture&quot;:&quot;4&quot;,&quot;credit&quot;:&quot;&quot;,&quot;camera&quot;:&quot;X-T30&quot;,&quot;caption&quot;:&quot;&quot;,&quot;created_timestamp&quot;:&quot;1631825091&quot;,&quot;copyright&quot;:&quot;&quot;,&quot;focal_length&quot;:&quot;55&quot;,&quot;iso&quot;:&quot;1600&quot;,&quot;shutter_speed&quot;:&quot;0.01&quot;,&quot;title&quot;:&quot;&quot;}\" data-image-title=\"DSCF2032\" data-image-description=\"\" data-image-caption=\"\" data-medium-file=\"https:\/\/www.theatredesbordsdesaone.fr\/wp-content\/uploads\/2021\/10\/DSCF2032-200x300.jpg\" data-large-file=\"https:\/\/www.theatredesbordsdesaone.fr\/wp-content\/uploads\/2021\/10\/DSCF2032-682x1024.jpg\" decoding=\"async\" loading=\"lazy\" class=\"alignnone size-medium wp-image-2006\" src=\"https:\/\/www.theatredesbordsdesaone.fr\/wp-content\/uploads\/2021\/10\/DSCF2032-200x300.jpg\" alt=\"DSCF2032\" width=\"200\" height=\"300\" srcset=\"https:\/\/www.theatredesbordsdesaone.fr\/wp-content\/uploads\/2021\/10\/DSCF2032-200x300.jpg 200w, https:\/\/www.theatredesbordsdesaone.fr\/wp-content\/uploads\/2021\/10\/DSCF2032-682x1024.jpg 682w, https:\/\/www.theatredesbordsdesaone.fr\/wp-content\/uploads\/2021\/10\/DSCF2032.jpg 750w\" sizes=\"(max-width: 200px) 100vw, 200px\" \/><\/a> <a href=\"https:\/\/www.theatredesbordsdesaone.fr\/?attachment_id=2005\" rel=\"attachment wp-att-2005\"><img data-attachment-id=\"2005\" data-permalink=\"https:\/\/www.theatredesbordsdesaone.fr\/?attachment_id=2005\" data-orig-file=\"https:\/\/www.theatredesbordsdesaone.fr\/wp-content\/uploads\/2021\/10\/DSCF2018-2.jpg\" data-orig-size=\"750,1125\" data-comments-opened=\"0\" data-image-meta=\"{&quot;aperture&quot;:&quot;4&quot;,&quot;credit&quot;:&quot;&quot;,&quot;camera&quot;:&quot;X-T30&quot;,&quot;caption&quot;:&quot;&quot;,&quot;created_timestamp&quot;:&quot;1631824889&quot;,&quot;copyright&quot;:&quot;&quot;,&quot;focal_length&quot;:&quot;55&quot;,&quot;iso&quot;:&quot;1600&quot;,&quot;shutter_speed&quot;:&quot;0.01&quot;,&quot;title&quot;:&quot;&quot;}\" data-image-title=\"DSCF2018-2\" data-image-description=\"\" data-image-caption=\"\" data-medium-file=\"https:\/\/www.theatredesbordsdesaone.fr\/wp-content\/uploads\/2021\/10\/DSCF2018-2-200x300.jpg\" data-large-file=\"https:\/\/www.theatredesbordsdesaone.fr\/wp-content\/uploads\/2021\/10\/DSCF2018-2-682x1024.jpg\" decoding=\"async\" loading=\"lazy\" class=\"alignnone size-medium wp-image-2005\" src=\"https:\/\/www.theatredesbordsdesaone.fr\/wp-content\/uploads\/2021\/10\/DSCF2018-2-200x300.jpg\" alt=\"DSCF2018-2\" width=\"200\" height=\"300\" srcset=\"https:\/\/www.theatredesbordsdesaone.fr\/wp-content\/uploads\/2021\/10\/DSCF2018-2-200x300.jpg 200w, https:\/\/www.theatredesbordsdesaone.fr\/wp-content\/uploads\/2021\/10\/DSCF2018-2-682x1024.jpg 682w, https:\/\/www.theatredesbordsdesaone.fr\/wp-content\/uploads\/2021\/10\/DSCF2018-2.jpg 750w\" sizes=\"(max-width: 200px) 100vw, 200px\" \/><\/a> <a href=\"https:\/\/www.theatredesbordsdesaone.fr\/?attachment_id=2004\" rel=\"attachment wp-att-2004\"><img data-attachment-id=\"2004\" data-permalink=\"https:\/\/www.theatredesbordsdesaone.fr\/?attachment_id=2004\" data-orig-file=\"https:\/\/www.theatredesbordsdesaone.fr\/wp-content\/uploads\/2021\/10\/DSCF2014.jpg\" data-orig-size=\"747,750\" data-comments-opened=\"0\" data-image-meta=\"{&quot;aperture&quot;:&quot;4&quot;,&quot;credit&quot;:&quot;&quot;,&quot;camera&quot;:&quot;X-T30&quot;,&quot;caption&quot;:&quot;&quot;,&quot;created_timestamp&quot;:&quot;1631824828&quot;,&quot;copyright&quot;:&quot;&quot;,&quot;focal_length&quot;:&quot;55&quot;,&quot;iso&quot;:&quot;1600&quot;,&quot;shutter_speed&quot;:&quot;0.01&quot;,&quot;title&quot;:&quot;&quot;}\" data-image-title=\"DSCF2014\" data-image-description=\"\" data-image-caption=\"\" data-medium-file=\"https:\/\/www.theatredesbordsdesaone.fr\/wp-content\/uploads\/2021\/10\/DSCF2014-298x300.jpg\" data-large-file=\"https:\/\/www.theatredesbordsdesaone.fr\/wp-content\/uploads\/2021\/10\/DSCF2014.jpg\" decoding=\"async\" loading=\"lazy\" class=\"alignnone size-medium wp-image-2004\" src=\"https:\/\/www.theatredesbordsdesaone.fr\/wp-content\/uploads\/2021\/10\/DSCF2014-298x300.jpg\" alt=\"DSCF2014\" width=\"298\" height=\"300\" srcset=\"https:\/\/www.theatredesbordsdesaone.fr\/wp-content\/uploads\/2021\/10\/DSCF2014-298x300.jpg 298w, https:\/\/www.theatredesbordsdesaone.fr\/wp-content\/uploads\/2021\/10\/DSCF2014-150x150.jpg 150w, https:\/\/www.theatredesbordsdesaone.fr\/wp-content\/uploads\/2021\/10\/DSCF2014.jpg 747w\" sizes=\"(max-width: 298px) 100vw, 298px\" \/><\/a><\/p>\n","protected":false},"excerpt":{"rendered":"<p>Affiche\u00a0 \u00a0 \u00a0 \u00a0\u00a0 \u00a0\u00a0 \u00a0 \u00a0 \u00a0dossier Photographies : L\u00e9o Olivi\u00e9ri\u00a0 \u00a0 \u00a0Teaser : Jean Buffard Cr\u00e9ation le 12 juin 20h30 dans la cour de la Mairie &#8211; Neuville sur Sa\u00f4ne Reprise les 16 et 17 septembre 2021 \u00e0 l&rsquo;Espace Jean Vilar de Neuville &#8211;\u00a0 16 novembre \u00e0 Mably (42), le 27 novembre \u00e0 [&hellip;]<\/p>\n","protected":false},"author":2,"featured_media":0,"parent":0,"menu_order":0,"comment_status":"closed","ping_status":"open","template":"","meta":[],"_links":{"self":[{"href":"https:\/\/www.theatredesbordsdesaone.fr\/index.php?rest_route=\/wp\/v2\/pages\/1815"}],"collection":[{"href":"https:\/\/www.theatredesbordsdesaone.fr\/index.php?rest_route=\/wp\/v2\/pages"}],"about":[{"href":"https:\/\/www.theatredesbordsdesaone.fr\/index.php?rest_route=\/wp\/v2\/types\/page"}],"author":[{"embeddable":true,"href":"https:\/\/www.theatredesbordsdesaone.fr\/index.php?rest_route=\/wp\/v2\/users\/2"}],"replies":[{"embeddable":true,"href":"https:\/\/www.theatredesbordsdesaone.fr\/index.php?rest_route=%2Fwp%2Fv2%2Fcomments&post=1815"}],"version-history":[{"count":21,"href":"https:\/\/www.theatredesbordsdesaone.fr\/index.php?rest_route=\/wp\/v2\/pages\/1815\/revisions"}],"predecessor-version":[{"id":2013,"href":"https:\/\/www.theatredesbordsdesaone.fr\/index.php?rest_route=\/wp\/v2\/pages\/1815\/revisions\/2013"}],"wp:attachment":[{"href":"https:\/\/www.theatredesbordsdesaone.fr\/index.php?rest_route=%2Fwp%2Fv2%2Fmedia&parent=1815"}],"curies":[{"name":"wp","href":"https:\/\/api.w.org\/{rel}","templated":true}]}}