{"id":117,"date":"2014-06-16T21:21:30","date_gmt":"2014-06-16T20:21:30","guid":{"rendered":"http:\/\/theatredesbordsdesaone.fr\/?page_id=117"},"modified":"2014-10-12T19:05:53","modified_gmt":"2014-10-12T18:05:53","slug":"le-nez-dans-les-etoiles","status":"publish","type":"page","link":"https:\/\/www.theatredesbordsdesaone.fr\/?page_id=117","title":{"rendered":"Le Nez dans les Etoiles"},"content":{"rendered":"<p><a href=\"https:\/\/www.theatredesbordsdesaone.fr\/wp-content\/uploads\/2014\/06\/Nez-affiche.jpg\"><img data-attachment-id=\"118\" data-permalink=\"https:\/\/www.theatredesbordsdesaone.fr\/?attachment_id=118\" data-orig-file=\"https:\/\/www.theatredesbordsdesaone.fr\/wp-content\/uploads\/2014\/06\/Nez-affiche.jpg\" data-orig-size=\"213,300\" data-comments-opened=\"0\" data-image-meta=\"{&quot;aperture&quot;:&quot;0&quot;,&quot;credit&quot;:&quot;&quot;,&quot;camera&quot;:&quot;&quot;,&quot;caption&quot;:&quot;&quot;,&quot;created_timestamp&quot;:&quot;0&quot;,&quot;copyright&quot;:&quot;&quot;,&quot;focal_length&quot;:&quot;0&quot;,&quot;iso&quot;:&quot;0&quot;,&quot;shutter_speed&quot;:&quot;0&quot;,&quot;title&quot;:&quot;&quot;}\" data-image-title=\"Nez-affiche\" data-image-description=\"\" data-image-caption=\"\" data-medium-file=\"https:\/\/www.theatredesbordsdesaone.fr\/wp-content\/uploads\/2014\/06\/Nez-affiche.jpg\" data-large-file=\"https:\/\/www.theatredesbordsdesaone.fr\/wp-content\/uploads\/2014\/06\/Nez-affiche.jpg\" decoding=\"async\" loading=\"lazy\" class=\"wp-image-118 alignleft\" src=\"https:\/\/www.theatredesbordsdesaone.fr\/wp-content\/uploads\/2014\/06\/Nez-affiche.jpg\" alt=\"Nez-affiche\" width=\"259\" height=\"364\" \/><\/a><\/p>\n<p>&nbsp;<\/p>\n<p style=\"text-align: center;\"><em>Trio de clowns<\/em><\/p>\n<p style=\"text-align: center;\"><em> De et avec<\/em>\u00a0: <b>Sylvie Ferrandis<\/b><span style=\"font-weight: 400;\"><strong>, <\/strong><\/span> <b>Serge Moulin<\/b><span style=\"font-weight: 400;\"><strong> et Nicolas Duplot<\/strong><\/span><\/p>\n<p style=\"text-align: center;\"><em> D\u00e9cor et accessoires<\/em>\u00a0: <span style=\"font-weight: 400;\"> <strong>Denis Charrett-Dykes<\/strong><\/span><\/p>\n<p style=\"text-align: center;\"><em>Son<\/em>\u00a0: <span style=\"font-weight: 400;\"> <strong>Pierre Berthillier<\/strong><\/span><\/p>\n<p style=\"text-align: center;\"><em>Lumi\u00e8re<\/em>\u00a0: <span style=\"font-weight: 400;\"> <strong>Richard Cockerill<\/strong><\/span><\/p>\n<p style=\"text-align: center;\"><em>Affiche<\/em>\u00a0: <span style=\"font-weight: 400;\"> <strong> Eric Didier<\/strong><\/span><\/p>\n<p>&nbsp;<\/p>\n<p>&nbsp;<\/p>\n<p>&nbsp;<\/p>\n<p>Milo, \u00e9minent astrophysicien, en est s\u00fbr : Un jour, l\u2019homme volera\u2026 de ses propres ailes. C\u2019est comme \u00e7a, c\u2019est l\u2019\u00e9volution !<br \/>\nMais Milo, lui, ne peut plus attendre. Normal me direz-vous en tant qu\u2019arri\u00e8re, arri\u00e8re, arri\u00e8re, arri\u00e8re-petit-fils de L\u00e9onard (De Vinci, bien s\u00fbr).<br \/>\nIl donne rendez-vous \u00e0 Rochepolipofpolipofplofplof, mademoiselle, la c\u00e9l\u00e9brissime g\u00e9n\u00e9ticienne et \u00e0 Philippe Zartan, naturaliste grand prix Nobel, afin de mettre leur savoir en commun et r\u00e9aliser en secret ce vieux r\u00eave de toujours\u2026 VOLER.<br \/>\nEt voil\u00e0 nos trois chercheurs le nez coll\u00e9 \u00e0 la Terra incognita de l\u2019aventure humaine.<br \/>\nAventure qui d\u00e9vie forc\u00e9ment, comme le cours des rivi\u00e8res\u2026<br \/>\nPourquoi tourne la terre, o\u00f9 filent les \u00e9toiles filantes, comment, pourquoi\u2026<br \/>\nIls ont r\u00e9ponse \u00e0 tout.<br \/>\nTant de myst\u00e8res \u00e0 r\u00e9soudre pour enfin, peut-\u00eatre voler ensemble vers l\u2019infini de leurs propres ailes.<\/p>\n<div class=\"tiled-gallery type-rectangular tiled-gallery-unresized\" data-original-width=\"768\" data-carousel-extra='{&quot;blog_id&quot;:1,&quot;permalink&quot;:&quot;https:\\\/\\\/www.theatredesbordsdesaone.fr\\\/?page_id=117&quot;,&quot;likes_blog_id&quot;:71900155}' itemscope itemtype=\"http:\/\/schema.org\/ImageGallery\" > <div class=\"gallery-row\" style=\"width: 768px; height: 289px;\" data-original-width=\"768\" data-original-height=\"289\" > <div class=\"gallery-group images-1\" style=\"width: 384px; height: 289px;\" data-original-width=\"384\" data-original-height=\"289\" > <div class=\"tiled-gallery-item tiled-gallery-item-large\" itemprop=\"associatedMedia\" itemscope itemtype=\"http:\/\/schema.org\/ImageObject\"> <a href=\"https:\/\/www.theatredesbordsdesaone.fr\/?attachment_id=121\" border=\"0\" itemprop=\"url\"> <meta itemprop=\"width\" content=\"380\"> <meta itemprop=\"height\" content=\"285\"> <img data-attachment-id=\"121\" data-orig-file=\"https:\/\/www.theatredesbordsdesaone.fr\/wp-content\/uploads\/2014\/06\/IMG_0004.jpg\" data-orig-size=\"2272,1704\" data-comments-opened=\"\" data-image-meta=\"{&quot;aperture&quot;:&quot;5&quot;,&quot;credit&quot;:&quot;&quot;,&quot;camera&quot;:&quot;Canon PowerShot A80&quot;,&quot;caption&quot;:&quot;&quot;,&quot;created_timestamp&quot;:&quot;1110286229&quot;,&quot;copyright&quot;:&quot;&quot;,&quot;focal_length&quot;:&quot;9.625&quot;,&quot;iso&quot;:&quot;0&quot;,&quot;shutter_speed&quot;:&quot;0.033333333333333&quot;,&quot;title&quot;:&quot;&quot;}\" data-image-title=\"IMG_0004\" data-image-description=\"\" data-medium-file=\"https:\/\/www.theatredesbordsdesaone.fr\/wp-content\/uploads\/2014\/06\/IMG_0004-300x224.jpg\" data-large-file=\"https:\/\/www.theatredesbordsdesaone.fr\/wp-content\/uploads\/2014\/06\/IMG_0004-1024x768.jpg\" src=\"https:\/\/i0.wp.com\/www.theatredesbordsdesaone.fr\/wp-content\/uploads\/2014\/06\/IMG_0004.jpg?w=380&#038;h=285&#038;ssl=1\" width=\"380\" height=\"285\" data-original-width=\"380\" data-original-height=\"285\" itemprop=\"http:\/\/schema.org\/image\" title=\"IMG_0004\" alt=\"Test\" style=\"width: 380px; height: 285px;\" \/> <\/a> <div class=\"tiled-gallery-caption\" itemprop=\"caption description\"> Test <\/div> <\/div> <\/div> <!-- close group --> <div class=\"gallery-group images-1\" style=\"width: 384px; height: 289px;\" data-original-width=\"384\" data-original-height=\"289\" > <div class=\"tiled-gallery-item tiled-gallery-item-large\" itemprop=\"associatedMedia\" itemscope itemtype=\"http:\/\/schema.org\/ImageObject\"> <a href=\"https:\/\/www.theatredesbordsdesaone.fr\/?attachment_id=122\" border=\"0\" itemprop=\"url\"> <meta itemprop=\"width\" content=\"380\"> <meta itemprop=\"height\" content=\"285\"> <img data-attachment-id=\"122\" data-orig-file=\"https:\/\/www.theatredesbordsdesaone.fr\/wp-content\/uploads\/2014\/06\/IMG_0033.jpg\" data-orig-size=\"2272,1704\" data-comments-opened=\"\" data-image-meta=\"{&quot;aperture&quot;:&quot;2.8&quot;,&quot;credit&quot;:&quot;&quot;,&quot;camera&quot;:&quot;Canon PowerShot A80&quot;,&quot;caption&quot;:&quot;&quot;,&quot;created_timestamp&quot;:&quot;1110299596&quot;,&quot;copyright&quot;:&quot;&quot;,&quot;focal_length&quot;:&quot;7.8125&quot;,&quot;iso&quot;:&quot;0&quot;,&quot;shutter_speed&quot;:&quot;0.033333333333333&quot;,&quot;title&quot;:&quot;&quot;}\" data-image-title=\"IMG_0033\" data-image-description=\"\" data-medium-file=\"https:\/\/www.theatredesbordsdesaone.fr\/wp-content\/uploads\/2014\/06\/IMG_0033-300x224.jpg\" data-large-file=\"https:\/\/www.theatredesbordsdesaone.fr\/wp-content\/uploads\/2014\/06\/IMG_0033-1024x768.jpg\" src=\"https:\/\/i0.wp.com\/www.theatredesbordsdesaone.fr\/wp-content\/uploads\/2014\/06\/IMG_0033.jpg?w=380&#038;h=285&#038;ssl=1\" width=\"380\" height=\"285\" data-original-width=\"380\" data-original-height=\"285\" itemprop=\"http:\/\/schema.org\/image\" title=\"IMG_0033\" alt=\"Test\" style=\"width: 380px; height: 285px;\" \/> <\/a> <div class=\"tiled-gallery-caption\" itemprop=\"caption description\"> Test <\/div> <\/div> <\/div> <!-- close group --> <\/div> <!-- close row --> <\/div>\n<ul>\n<li><strong>Fiche technique<\/strong><\/li>\n<\/ul>\n<p>&nbsp;<\/p>\n<p>A partir de <strong>5 ans<\/strong><\/p>\n<p><strong>Dur\u00e9e\u00a0: <\/strong><\/p>\n<p>Environ 50 minutes<\/p>\n<p><strong> Sc\u00e8ne ou espace sc\u00e9nique minimum\u00a0: <\/strong><\/p>\n<p>6m (ouverture) x 5m (profondeur) x 2,50m (hauteur).<\/p>\n<p>&nbsp;<\/p>\n<p><em>Ce spectacle est con\u00e7u pour \u00eatre vu, \u00e9cout\u00e9, r\u00eav\u00e9 par tous les publics \u00e0 partir de 5 ans\u2026<\/em><\/p>\n<p><em>En repr\u00e9sentations scolaires, arbres de No\u00ebl et tous publics.<\/em><\/p>\n<p>&nbsp;<\/p>\n<ul>\n<li><strong> Depuis la cr\u00e9ation<\/strong><\/li>\n<\/ul>\n<p>&nbsp;<\/p>\n<ul>\n<li><strong>Rh\u00f4ne \u2013 Ain 2004<\/strong><\/li>\n<\/ul>\n<p>Lyon &#8211; C.E. groupe MMA assurance &#8211; arbre de No\u00ebl<\/p>\n<p>Fleurieu sur Sa\u00f4ne<\/p>\n<p>Neuville sur Sa\u00f4ne<\/p>\n<p>Fontaine sur Sa\u00f4ne<\/p>\n<p>Saint Bonnet de mure<\/p>\n<p>Meyzieu<\/p>\n<p>D\u00e9cines<\/p>\n<p>Parcieux<\/p>\n<p>&nbsp;<\/p>\n<ul>\n<li><strong>Rh\u00f4ne \u2013 Is\u00e8re 2005<\/strong><\/li>\n<\/ul>\n<p>Neuville sur Sa\u00f4ne<\/p>\n<p>&nbsp;<\/p>\n<ul>\n<li><strong> Festival de l\u2019humour jeune public off \u00e0 Vienne (38) &#8211; 9 repr\u00e9sentations devant 1200 enfants.<\/strong><\/li>\n<\/ul>\n<p>Estrablin<\/p>\n<p>Chasse sur Rh\u00f4ne<\/p>\n<p>Primareste<\/p>\n<p>Seyssuel<\/p>\n<p>Serpayze<\/p>\n<p>Condrieu<\/p>\n<p>Jardin<\/p>\n<p>&nbsp;<\/p>\n<ul>\n<li><strong>Dans le cadre des \u00ab\u00a0sc\u00e8nes en culotte courte\u00a0\u00bb Auvergne (63) \u2013 5 repr\u00e9sentations devant 700 enfants.<\/strong><\/li>\n<\/ul>\n<p>Arconsat<\/p>\n<p>Marsac en Livradois<\/p>\n<p>Ambert<\/p>\n<p>Montmaurin<\/p>\n<p>&nbsp;<\/p>\n<ul>\n<li><strong>Dans le cadre du festival jeune public de Charlieu (42)<\/strong> <strong>-7 repr\u00e9sentations devant 2000 enfants.<\/strong><\/li>\n<\/ul>\n<p>&nbsp;<\/p>\n<ul>\n<li><strong> Association scientifique \u00ab\u00a0pierre de lune\u00a0\u00bb \u00e0<\/strong> <strong>Rochechouart\u00a0(87) \u2013 <\/strong><strong>1 repr\u00e9sentation devant 180 enfants.<\/strong><\/li>\n<\/ul>\n<p>&nbsp;<\/p>\n","protected":false},"excerpt":{"rendered":"<p>&nbsp; Trio de clowns De et avec\u00a0: Sylvie Ferrandis, Serge Moulin et Nicolas Duplot D\u00e9cor et accessoires\u00a0: Denis Charrett-Dykes Son\u00a0: Pierre Berthillier Lumi\u00e8re\u00a0: Richard Cockerill Affiche\u00a0: Eric Didier &nbsp; &nbsp; &nbsp; Milo, \u00e9minent astrophysicien, en est s\u00fbr : Un jour, l\u2019homme volera\u2026 de ses propres ailes. C\u2019est comme \u00e7a, c\u2019est l\u2019\u00e9volution ! Mais Milo, lui, [&hellip;]<\/p>\n","protected":false},"author":1,"featured_media":0,"parent":7,"menu_order":0,"comment_status":"closed","ping_status":"open","template":"","meta":[],"_links":{"self":[{"href":"https:\/\/www.theatredesbordsdesaone.fr\/index.php?rest_route=\/wp\/v2\/pages\/117"}],"collection":[{"href":"https:\/\/www.theatredesbordsdesaone.fr\/index.php?rest_route=\/wp\/v2\/pages"}],"about":[{"href":"https:\/\/www.theatredesbordsdesaone.fr\/index.php?rest_route=\/wp\/v2\/types\/page"}],"author":[{"embeddable":true,"href":"https:\/\/www.theatredesbordsdesaone.fr\/index.php?rest_route=\/wp\/v2\/users\/1"}],"replies":[{"embeddable":true,"href":"https:\/\/www.theatredesbordsdesaone.fr\/index.php?rest_route=%2Fwp%2Fv2%2Fcomments&post=117"}],"version-history":[{"count":9,"href":"https:\/\/www.theatredesbordsdesaone.fr\/index.php?rest_route=\/wp\/v2\/pages\/117\/revisions"}],"predecessor-version":[{"id":521,"href":"https:\/\/www.theatredesbordsdesaone.fr\/index.php?rest_route=\/wp\/v2\/pages\/117\/revisions\/521"}],"up":[{"embeddable":true,"href":"https:\/\/www.theatredesbordsdesaone.fr\/index.php?rest_route=\/wp\/v2\/pages\/7"}],"wp:attachment":[{"href":"https:\/\/www.theatredesbordsdesaone.fr\/index.php?rest_route=%2Fwp%2Fv2%2Fmedia&parent=117"}],"curies":[{"name":"wp","href":"https:\/\/api.w.org\/{rel}","templated":true}]}}

<p><a href="https://www.theatredesbordsdesaone.fr/wp-content/uploads/2014/06/Nez-affiche.jpg"><img data-attachment-id="118" data-permalink="https://www.theatredesbordsdesaone.fr/?attachment_id=118" data-orig-file="https://www.theatredesbordsdesaone.fr/wp-content/uploads/2014/06/Nez-affiche.jpg" data-orig-size="213,300" data-comments-opened="0" data-image-meta="{&quot;aperture&quot;:&quot;0&quot;,&quot;credit&quot;:&quot;&quot;,&quot;camera&quot;:&quot;&quot;,&quot;caption&quot;:&quot;&quot;,&quot;created_timestamp&quot;:&quot;0&quot;,&quot;copyright&quot;:&quot;&quot;,&quot;focal_length&quot;:&quot;0&quot;,&quot;iso&quot;:&quot;0&quot;,&quot;shutter_speed&quot;:&quot;0&quot;,&quot;title&quot;:&quot;&quot;}" data-image-title="Nez-affiche" data-image-description="" data-image-caption="" data-medium-file="https://www.theatredesbordsdesaone.fr/wp-content/uploads/2014/06/Nez-affiche.jpg" data-large-file="https://www.theatredesbordsdesaone.fr/wp-content/uploads/2014/06/Nez-affiche.jpg" decoding="async" loading="lazy" class="wp-image-118 alignleft" src="https://www.theatredesbordsdesaone.fr/wp-content/uploads/2014/06/Nez-affiche.jpg" alt="Nez-affiche" width="259" height="364" /></a></p>
<p>&nbsp;</p>
<p style="text-align: center;"><em>Trio de clowns</em></p>
<p style="text-align: center;"><em> De et avec</em> : <b>Sylvie Ferrandis</b><span style="font-weight: 400;"><strong>, </strong></span> <b>Serge Moulin</b><span style="font-weight: 400;"><strong> et Nicolas Duplot</strong></span></p>
<p style="text-align: center;"><em> Décor et accessoires</em> : <span style="font-weight: 400;"> <strong>Denis Charrett-Dykes</strong></span></p>
<p style="text-align: center;"><em>Son</em> : <span style="font-weight: 400;"> <strong>Pierre Berthillier</strong></span></p>
<p style="text-align: center;"><em>Lumière</em> : <span style="font-weight: 400;"> <strong>Richard Cockerill</strong></span></p>
<p style="text-align: center;"><em>Affiche</em> : <span style="font-weight: 400;"> <strong> Eric Didier</strong></span></p>
<p>&nbsp;</p>
<p>&nbsp;</p>
<p>&nbsp;</p>
<p>Milo, éminent astrophysicien, en est sûr : Un jour, l’homme volera… de ses propres ailes. C’est comme ça, c’est l’évolution !<br />
Mais Milo, lui, ne peut plus attendre. Normal me direz-vous en tant qu’arrière, arrière, arrière, arrière-petit-fils de Léonard (De Vinci, bien sûr).<br />
Il donne rendez-vous à Rochepolipofpolipofplofplof, mademoiselle, la célébrissime généticienne et à Philippe Zartan, naturaliste grand prix Nobel, afin de mettre leur savoir en commun et réaliser en secret ce vieux rêve de toujours… VOLER.<br />
Et voilà nos trois chercheurs le nez collé à la Terra incognita de l’aventure humaine.<br />
Aventure qui dévie forcément, comme le cours des rivières…<br />
Pourquoi tourne la terre, où filent les étoiles filantes, comment, pourquoi…<br />
Ils ont réponse à tout.<br />
Tant de mystères à résoudre pour enfin, peut-être voler ensemble vers l’infini de leurs propres ailes.</p>
<div class="tiled-gallery type-rectangular tiled-gallery-unresized" data-original-width="768" data-carousel-extra='{&quot;blog_id&quot;:1,&quot;permalink&quot;:&quot;https:\/\/www.theatredesbordsdesaone.fr\/?page_id=117&quot;,&quot;likes_blog_id&quot;:71900155}' itemscope itemtype="http://schema.org/ImageGallery" > <div class="gallery-row" style="width: 768px; height: 289px;" data-original-width="768" data-original-height="289" > <div class="gallery-group images-1" style="width: 384px; height: 289px;" data-original-width="384" data-original-height="289" > <div class="tiled-gallery-item tiled-gallery-item-large" itemprop="associatedMedia" itemscope itemtype="http://schema.org/ImageObject"> <a href="https://www.theatredesbordsdesaone.fr/?attachment_id=121" border="0" itemprop="url"> <meta itemprop="width" content="380"> <meta itemprop="height" content="285"> <img data-attachment-id="121" data-orig-file="https://www.theatredesbordsdesaone.fr/wp-content/uploads/2014/06/IMG_0004.jpg" data-orig-size="2272,1704" data-comments-opened="" data-image-meta="{&quot;aperture&quot;:&quot;5&quot;,&quot;credit&quot;:&quot;&quot;,&quot;camera&quot;:&quot;Canon PowerShot A80&quot;,&quot;caption&quot;:&quot;&quot;,&quot;created_timestamp&quot;:&quot;1110286229&quot;,&quot;copyright&quot;:&quot;&quot;,&quot;focal_length&quot;:&quot;9.625&quot;,&quot;iso&quot;:&quot;0&quot;,&quot;shutter_speed&quot;:&quot;0.033333333333333&quot;,&quot;title&quot;:&quot;&quot;}" data-image-title="IMG_0004" data-image-description="" data-medium-file="https://www.theatredesbordsdesaone.fr/wp-content/uploads/2014/06/IMG_0004-300x224.jpg" data-large-file="https://www.theatredesbordsdesaone.fr/wp-content/uploads/2014/06/IMG_0004-1024x768.jpg" src="https://i0.wp.com/www.theatredesbordsdesaone.fr/wp-content/uploads/2014/06/IMG_0004.jpg?w=380&#038;h=285&#038;ssl=1" width="380" height="285" data-original-width="380" data-original-height="285" itemprop="http://schema.org/image" title="IMG_0004" alt="Test" style="width: 380px; height: 285px;" /> </a> <div class="tiled-gallery-caption" itemprop="caption description"> Test </div> </div> </div> <!-- close group --> <div class="gallery-group images-1" style="width: 384px; height: 289px;" data-original-width="384" data-original-height="289" > <div class="tiled-gallery-item tiled-gallery-item-large" itemprop="associatedMedia" itemscope itemtype="http://schema.org/ImageObject"> <a href="https://www.theatredesbordsdesaone.fr/?attachment_id=122" border="0" itemprop="url"> <meta itemprop="width" content="380"> <meta itemprop="height" content="285"> <img data-attachment-id="122" data-orig-file="https://www.theatredesbordsdesaone.fr/wp-content/uploads/2014/06/IMG_0033.jpg" data-orig-size="2272,1704" data-comments-opened="" data-image-meta="{&quot;aperture&quot;:&quot;2.8&quot;,&quot;credit&quot;:&quot;&quot;,&quot;camera&quot;:&quot;Canon PowerShot A80&quot;,&quot;caption&quot;:&quot;&quot;,&quot;created_timestamp&quot;:&quot;1110299596&quot;,&quot;copyright&quot;:&quot;&quot;,&quot;focal_length&quot;:&quot;7.8125&quot;,&quot;iso&quot;:&quot;0&quot;,&quot;shutter_speed&quot;:&quot;0.033333333333333&quot;,&quot;title&quot;:&quot;&quot;}" data-image-title="IMG_0033" data-image-description="" data-medium-file="https://www.theatredesbordsdesaone.fr/wp-content/uploads/2014/06/IMG_0033-300x224.jpg" data-large-file="https://www.theatredesbordsdesaone.fr/wp-content/uploads/2014/06/IMG_0033-1024x768.jpg" src="https://i0.wp.com/www.theatredesbordsdesaone.fr/wp-content/uploads/2014/06/IMG_0033.jpg?w=380&#038;h=285&#038;ssl=1" width="380" height="285" data-original-width="380" data-original-height="285" itemprop="http://schema.org/image" title="IMG_0033" alt="Test" style="width: 380px; height: 285px;" /> </a> <div class="tiled-gallery-caption" itemprop="caption description"> Test </div> </div> </div> <!-- close group --> </div> <!-- close row --> </div>
<ul>
<li><strong>Fiche technique</strong></li>
</ul>
<p>&nbsp;</p>
<p>A partir de <strong>5 ans</strong></p>
<p><strong>Durée : </strong></p>
<p>Environ 50 minutes</p>
<p><strong> Scène ou espace scénique minimum : </strong></p>
<p>6m (ouverture) x 5m (profondeur) x 2,50m (hauteur).</p>
<p>&nbsp;</p>
<p><em>Ce spectacle est conçu pour être vu, écouté, rêvé par tous les publics à partir de 5 ans…</em></p>
<p><em>En représentations scolaires, arbres de Noël et tous publics.</em></p>
<p>&nbsp;</p>
<ul>
<li><strong> Depuis la création</strong></li>
</ul>
<p>&nbsp;</p>
<ul>
<li><strong>Rhône – Ain 2004</strong></li>
</ul>
<p>Lyon &#8211; C.E. groupe MMA assurance &#8211; arbre de Noël</p>
<p>Fleurieu sur Saône</p>
<p>Neuville sur Saône</p>
<p>Fontaine sur Saône</p>
<p>Saint Bonnet de mure</p>
<p>Meyzieu</p>
<p>Décines</p>
<p>Parcieux</p>
<p>&nbsp;</p>
<ul>
<li><strong>Rhône – Isère 2005</strong></li>
</ul>
<p>Neuville sur Saône</p>
<p>&nbsp;</p>
<ul>
<li><strong> Festival de l’humour jeune public off à Vienne (38) &#8211; 9 représentations devant 1200 enfants.</strong></li>
</ul>
<p>Estrablin</p>
<p>Chasse sur Rhône</p>
<p>Primareste</p>
<p>Seyssuel</p>
<p>Serpayze</p>
<p>Condrieu</p>
<p>Jardin</p>
<p>&nbsp;</p>
<ul>
<li><strong>Dans le cadre des « scènes en culotte courte » Auvergne (63) – 5 représentations devant 700 enfants.</strong></li>
</ul>
<p>Arconsat</p>
<p>Marsac en Livradois</p>
<p>Ambert</p>
<p>Montmaurin</p>
<p>&nbsp;</p>
<ul>
<li><strong>Dans le cadre du festival jeune public de Charlieu (42)</strong> <strong>-7 représentations devant 2000 enfants.</strong></li>
</ul>
<p>&nbsp;</p>
<ul>
<li><strong> Association scientifique « pierre de lune » à</strong> <strong>Rochechouart (87) – </strong><strong>1 représentation devant 180 enfants.</strong></li>
</ul>
<p>&nbsp;</p>

<p>&nbsp; Trio de clowns De et avec : Sylvie Ferrandis, Serge Moulin et Nicolas Duplot Décor et accessoires : Denis Charrett-Dykes Son : Pierre Berthillier Lumière : Richard Cockerill Affiche : Eric Didier &nbsp; &nbsp; &nbsp; Milo, éminent astrophysicien, en est sûr : Un jour, l’homme volera… de ses propres ailes. C’est comme ça, c’est l’évolution ! Mais Milo, lui, [&hellip;]</p>
