{"id":11,"date":"2014-05-21T12:16:07","date_gmt":"2014-05-21T11:16:07","guid":{"rendered":"http:\/\/theatredesbordsdesaone.fr\/?page_id=11"},"modified":"2014-11-06T12:26:33","modified_gmt":"2014-11-06T11:26:33","slug":"action-culturelle","status":"publish","type":"page","link":"https:\/\/www.theatredesbordsdesaone.fr\/?page_id=11","title":{"rendered":"Actions Culturelles"},"content":{"rendered":"<p>Dans cette section vous retrouverez toutes les actions culturelles auxquelles nous avons particip\u00e9 en France et \u00e0 l&rsquo;\u00e9tranger, ainsi que les compagnies de th\u00e9\u00e2tre avec qui nous avons eu l&rsquo;honneur de travailler.<\/p>\n","protected":false},"excerpt":{"rendered":"<p>Dans cette section vous retrouverez toutes les actions culturelles auxquelles nous avons particip\u00e9 en France et \u00e0 l&rsquo;\u00e9tranger, ainsi que les compagnies de th\u00e9\u00e2tre avec qui nous avons eu l&rsquo;honneur de travailler.<\/p>\n","protected":false},"author":1,"featured_media":0,"parent":0,"menu_order":5,"comment_status":"closed","ping_status":"closed","template":"","meta":[],"_links":{"self":[{"href":"https:\/\/www.theatredesbordsdesaone.fr\/index.php?rest_route=\/wp\/v2\/pages\/11"}],"collection":[{"href":"https:\/\/www.theatredesbordsdesaone.fr\/index.php?rest_route=\/wp\/v2\/pages"}],"about":[{"href":"https:\/\/www.theatredesbordsdesaone.fr\/index.php?rest_route=\/wp\/v2\/types\/page"}],"author":[{"embeddable":true,"href":"https:\/\/www.theatredesbordsdesaone.fr\/index.php?rest_route=\/wp\/v2\/users\/1"}],"replies":[{"embeddable":true,"href":"https:\/\/www.theatredesbordsdesaone.fr\/index.php?rest_route=%2Fwp%2Fv2%2Fcomments&post=11"}],"version-history":[{"count":3,"href":"https:\/\/www.theatredesbordsdesaone.fr\/index.php?rest_route=\/wp\/v2\/pages\/11\/revisions"}],"predecessor-version":[{"id":601,"href":"https:\/\/www.theatredesbordsdesaone.fr\/index.php?rest_route=\/wp\/v2\/pages\/11\/revisions\/601"}],"wp:attachment":[{"href":"https:\/\/www.theatredesbordsdesaone.fr\/index.php?rest_route=%2Fwp%2Fv2%2Fmedia&parent=11"}],"curies":[{"name":"wp","href":"https:\/\/api.w.org\/{rel}","templated":true}]}}